). Let k(t) = 3*t**2 - 72*t - 2. Let b be k(24). What is the units digit of 2*(b - r)/(-2)?
2
Let d = 99 + 116. Suppose 5*b + d = 2*k, 130 = 2*k - k + 5*b. What is the hundreds digit of k?
1
Suppose -3*j = 5*g - 2686, -5*j + 6*j = -2*g + 897. What is the hundreds digit of j?
8
Suppose -5*z + 4*z + 365 = 0. What is the tens digit of z*2/(-10)*-1?
7
Let n = -586 - -1086. What is the units digit of n?
0
Let m be (-14)/4*8/(-28). Let t be (m/3)/(3/135). Suppose 64 = -t*h + 19*h. What is the units digit of h?
6
Let j(f) = -f**2 + 4*f + 8. Let r be j(5). Suppose r*g - 215 = -5*i, 3*g - 7*g + 305 = 3*i. Suppose 60 + g = 5*v. What is the units digit of v?
8
Suppose 4*m = b + 25, -11 + 58 = -3*b - 2*m. Let w = -1 - b. What is the units digit of w?
6
What is the units digit of 22/176 + (-5934)/(-16)?
1
Let l(d) be the first derivative of -d**4/2 - d**3 + 2*d**2 + 1. Let k = 103 + -106. What is the tens digit of l(k)?
1
Let n be 4 - (2/(-1) - 23). Suppose 2*u - 5*k = n, 0 = u - 3*k - 12 - 1. Suppose -y + 2*y = u. What is the units digit of y?
2
Let f = 268 + 759. What is the tens digit of f?
2
Suppose -24*f + 12*f = -24. Suppose 3*i - 126 = -3*u, -f*i = -u - 48 - 27. What is the tens digit of i?
3
Let q = -989 + 3161. What is the thousands digit of q?
2
Suppose -2 = 3*h - 4*x, h - 4*x + 18 = 6*h. What is the tens digit of ((-28)/(-6))/((10/15)/h)?
1
Suppose -7*h - 10 = 18. What is the hundreds digit of (-19705)/(-65) - h/(-26)?
3
Let f(k) = -k**2 - 13*k - 4. Let j be 1 + 1 + -15 + 4. What is the units digit of f(j)?
2
Suppose 0 = -20*h + 29585 - 4745. What is the units digit of h?
2
Suppose 5*w - 2*o = 1079, -3*o = 5*w - o - 1091. Suppose -4*s - w = -581. What is the tens digit of s?
9
Let b be (-2)/(4/(-584)*4). Let a = -32 + b. What is the units digit of a?
1
Let p(f) = -2*f - 1. Let c be p(-2). Suppose c*y + y - 8 = 0. Suppose 0 = y*r - 7*r + 285. What is the units digit of r?
7
Let i(d) = -5*d - 15. Let t be i(-3). What is the tens digit of (-1183)/(-14) - (t - 2/(-4))?
8
Let b = -46 + 78. Suppose -2*l = 6 - 30. Let z = b - l. What is the units digit of z?
0
Let m be (-6)/(-4)*4/(-2). What is the units digit of -2 + 105 + 2 + (m - 0)?
2
Suppose -21*l + 6 = -20*l. Suppose 4*f - 2*a - 11 = 31, f = -3*a. Let v = f - l. What is the units digit of v?
3
Let v(d) = -12*d - 2. Let m(f) = -f + 1. Let g(l) = m(l) - v(l). Let z be g(1). Suppose -z*y + 11*y = -105. What is the tens digit of y?
3
Let n(g) = 2*g**2 + 252 - 243 - g**3 - g**2. What is the units digit of n(-4)?
9
Let j be 1644/(-18)*9/(-6). Suppose 410 = 3*z + j. What is the tens digit of z?
9
Suppose 0 = 3*f - 2*f - 5. Suppose 2*r + f*t - 409 = 0, -r + 2*t - t + 201 = 0. What is the units digit of r?
2
Let u = 6094 - 2202. What is the units digit of u?
2
Let j(v) = 2*v**2 - 3*v + 3. What is the units digit of j(-13)?
0
Suppose 1015 + 1011 = 5*z + u, -402 = -z - u. What is the hundreds digit of z?
4
Let x = -37 + 38. Suppose -f = -3 + x. Suppose 15 - 149 = -f*i + 4*p, 4*i - 254 = p. What is the tens digit of i?
6
Suppose -2*q + 0 = 6, 5*i + 13 = -q. Let z(y) be the second derivative of -y**5/20 + y**4/12 - y**3/3 - 2*y**2 - 49*y. What is the units digit of z(i)?
2
Let m(h) = -3*h**3 + 21*h**2 + 2*h + 11. What is the units digit of m(7)?
5
Let l(s) be the third derivative of -s**6/120 - 17*s**5/60 + 13*s**4/12 - 13*s**3/3 + 11*s**2. What is the units digit of l(-19)?
2
Suppose 4977 = 6*j + 1137. What is the tens digit of j?
4
Let w be 3 + 1 - ((-3 - -2) + 0). Suppose 796 = 4*k - a, 2*k - w*a - 172 - 226 = 0. What is the units digit of k?
9
Suppose -3*j + 142 = -2*j - h, j = -h + 144. What is the units digit of j?
3
Let w(k) be the third derivative of -k**4/24 + 10*k**3/3 - 40*k**2. What is the units digit of w(-3)?
3
Let d = -758 - -1000. What is the tens digit of d?
4
Let s = -1 + 5. Suppose 3*j - 136 = s*u, 3*u = -j - j + 119. What is the tens digit of j?
5
Let n(x) = -5 - x**3 - 2*x + 5*x**2 - 2*x + 4. Let f be n(4). What is the units digit of (-24 - -2)/f + 3?
5
Let d(h) = 10*h**2 - 2*h - 1. Let s be d(3). Let k = 33 + s. What is the hundreds digit of k?
1
Let r(a) = -a - 16. Let y be r(-16). Suppose -35*d + 33*d + 336 = y. What is the hundreds digit of d?
1
Let t(a) = 246*a - 3. What is the tens digit of t(4)?
8
Suppose 19*c - 9*c = 31490. What is the tens digit of c?
4
What is the units digit of (-3)/(2 + 7) - 23062/(-39)?
1
Suppose 0 = -6*g + 8094 + 3186. What is the tens digit of g?
8
Let x = -3030 - -6542. What is the hundreds digit of x?
5
Suppose 9*h + 671 = 3650. Suppose -2*g - 2*g = -5*k - 278, 5*g - h = -2*k. What is the tens digit of g?
6
What is the tens digit of 2 - 1 - (-670 + (-4 - 3))?
7
Suppose 8*r - 10*r = -120. Let n = r - -75. What is the units digit of n?
5
Let v = -70 + 68. What is the tens digit of (1 - 36)/(0 + v + 1)?
3
Let t(k) = -k**3 + 8*k**2 - 6*k - 5. Let u be t(7). Suppose -3*z = z - u*w - 194, 3*w + 51 = z. What is the tens digit of z?
4
Let u(f) be the second derivative of 41*f**5/5 - f**3/6 + f**2/2 - 15*f. What is the hundreds digit of u(1)?
1
Suppose -199 = -k - 75. Let l = k + -4. Suppose l = 5*w - w. What is the tens digit of w?
3
Let t = 1894 - 846. What is the hundreds digit of t?
0
Suppose 62*m - 416 = 61*m. What is the units digit of m?
6
Suppose -5*q + 209 = -4841. What is the thousands digit of q?
1
Suppose -31*z + 99 = -30*z. Let x = z - -41. What is the units digit of x?
0
Suppose 23*t = 5*t + 36. Suppose -q + 0*c + 4*c = -292, -c + 584 = t*q. What is the units digit of q?
2
Let q = 62 - 61. What is the units digit of 58/(2 + 2/(-4) - q)?
6
Let j = -492 + 569. What is the units digit of j?
7
Let g = 1903 + -965. What is the hundreds digit of g?
9
Suppose 0 = -3*s + 4*o + 4218 + 645, -5*s - o = -8105. What is the tens digit of s?
2
Let i = -11 + 16. Let c(m) = -m**3 + 4*m**2 + 5*m - 11. Let s(j) = -3*j**3 + 12*j**2 + 15*j - 32. Let l(r) = 11*c(r) - 4*s(r). What is the units digit of l(i)?
7
Let u(t) = -73*t + 45. What is the tens digit of u(-5)?
1
Let c = -1471 - -2191. What is the tens digit of c?
2
Let o(v) = 5*v + 16. Let b(q) = 2*q**2 + 15*q + 3. Let d be b(-8). What is the units digit of o(d)?
1
Let k(v) = -v**2 + 120*v + 19. What is the tens digit of k(49)?
9
Let z(u) be the second derivative of -u**3/6 + 15*u**2/2 - 2*u. Let p be z(12). Suppose -2*m - p*f + 5 + 15 = 0, 2*f = -m + 9. What is the units digit of m?
3
Let g(j) = -j**3 + 0*j**2 + 77*j - j**2 - 76*j + 10. What is the tens digit of g(0)?
1
Suppose -47 = -3*c - 2*v - 12, -55 = -5*c - 5*v. Suppose -2*t = -97 - c. What is the tens digit of t?
5
Let g(u) = -2*u + 13. Let c(s) = 1. Let x(i) = 2*c(i) + g(i). What is the units digit of x(5)?
5
Suppose -4*t = 4*s - 36, 3*s - 30 = -5*t + 3. Suppose 0 = 3*q - s. Suppose 43 = q*h - 3*n, 15 + 9 = h - 4*n. What is the units digit of h?
0
Let a(d) = 62*d**2 + 14*d - 2. What is the tens digit of a(3)?
9
Suppose -94*f + 89*f = -1100. What is the units digit of f?
0
Let v = -8 + 10. Suppose 0 = 4*z + t - 297, 228 = z + v*z - t. What is the tens digit of z?
7
Let s = 2 + 2. Suppose -4*d + 4*f = 4, s*d - 3*f + 3 = 4. Suppose 5*k - 114 = d*m, -3 - 11 = -k + 3*m. What is the units digit of k?
6
Let v(r) be the third derivative of 1/120*r**6 + 1/60*r**5 + 0*r**4 + 0 - 9*r**2 + 49/6*r**3 + 0*r. What is the units digit of v(0)?
9
Suppose -2*m + 557 + 1905 = -2*r, m - 4*r = 1222. What is the hundreds digit of m?
2
Suppose 0 = -10*j + 9491 + 21889. What is the tens digit of j?
3
Suppose -806*l = -809*l + 5412. What is the tens digit of l?
0
Suppose 0 = 6*m - 4*m - 360. Let w = m - 80. Suppose 4*c - w = 128. What is the units digit of c?
7
Suppose 53*t = 37*t + 21760. What is the tens digit of t?
6
Let d = 146 - -270. What is the hundreds digit of d?
4
Let d(l) = 8*l**2 - 20*l + 2. Let t be d(7). What is the units digit of (-4)/18 - t/(-9)?
8
Let v(f) = -41*f**3 + 5*f**2 + 17*f - 9. What is the thousands digit of v(-3)?
1
Let x(a) = 3 - 2 + 16*a - 22*a - a**2. Let u be x(-6). Suppose -u - 5 = -3*j. What is the units digit of j?
2
Suppose 0 = -a - 3, 4743 = 10*n - 8*n - 3*a. What is the hundreds digit of n?
3
Let h(g) be the second derivative of g**3/2 + 21*g**2 + g. What is the tens digit of h(6)?
6
What is the hundreds digit of (-2)/(2/(-327)*1)?
3
Suppose 